{"id":1580,"date":"2022-03-29T21:39:08","date_gmt":"2022-03-29T21:39:08","guid":{"rendered":"https:\/\/duobelcorde.com\/?page_id=1580"},"modified":"2022-04-11T18:50:57","modified_gmt":"2022-04-11T18:50:57","slug":"manuel-briega","status":"publish","type":"page","link":"https:\/\/duobelcorde.com\/index.php\/manuel-briega\/","title":{"rendered":"Manuel Briega"},"content":{"rendered":"\t\t<div data-elementor-type=\"wp-page\" data-elementor-id=\"1580\" class=\"elementor elementor-1580\">\n\t\t\t\t\t\t\t\t\t<section class=\"ob-is-breaking-bad elementor-section elementor-top-section elementor-element elementor-element-7585ecf elementor-section-boxed elementor-section-height-default elementor-section-height-default\" data-id=\"7585ecf\" data-element_type=\"section\" data-settings=\"{&quot;background_background&quot;:&quot;classic&quot;,&quot;_ob_bbad_use_it&quot;:&quot;yes&quot;,&quot;_ob_bbad_sssic_use&quot;:&quot;no&quot;,&quot;_ob_glider_is_slider&quot;:&quot;no&quot;}\">\n\t\t\t\t\t\t<div class=\"elementor-container elementor-column-gap-default\">\n\t\t\t\t\t<div class=\"elementor-column elementor-col-100 elementor-top-column elementor-element elementor-element-f2f0ffc\" data-id=\"f2f0ffc\" data-element_type=\"column\" data-settings=\"{&quot;_ob_bbad_is_stalker&quot;:&quot;no&quot;,&quot;_ob_teleporter_use&quot;:false,&quot;_ob_column_hoveranimator&quot;:&quot;no&quot;,&quot;_ob_column_has_pseudo&quot;:&quot;no&quot;}\">\n\t\t\t<div class=\"elementor-widget-wrap elementor-element-populated\">\n\t\t\t\t\t\t\t\t<div class=\"elementor-element elementor-element-18ce447 ob-harakiri-inherit ob-has-background-overlay elementor-widget elementor-widget-heading\" data-id=\"18ce447\" data-element_type=\"widget\" data-settings=\"{&quot;_ob_harakiri_writing_mode&quot;:&quot;inherit&quot;,&quot;_ob_perspektive_use&quot;:&quot;no&quot;,&quot;_ob_poopart_use&quot;:&quot;yes&quot;,&quot;_ob_shadough_use&quot;:&quot;no&quot;,&quot;_ob_allow_hoveranimator&quot;:&quot;no&quot;,&quot;_ob_widget_stalker_use&quot;:&quot;no&quot;}\" data-widget_type=\"heading.default\">\n\t\t\t\t<div class=\"elementor-widget-container\">\n\t\t\t<style>\/*! elementor - v3.6.1 - 23-03-2022 *\/\n.elementor-heading-title{padding:0;margin:0;line-height:1}.elementor-widget-heading .elementor-heading-title[class*=elementor-size-]>a{color:inherit;font-size:inherit;line-height:inherit}.elementor-widget-heading .elementor-heading-title.elementor-size-small{font-size:15px}.elementor-widget-heading .elementor-heading-title.elementor-size-medium{font-size:19px}.elementor-widget-heading .elementor-heading-title.elementor-size-large{font-size:29px}.elementor-widget-heading .elementor-heading-title.elementor-size-xl{font-size:39px}.elementor-widget-heading .elementor-heading-title.elementor-size-xxl{font-size:59px}<\/style><h2 class=\"elementor-heading-title elementor-size-default\">Manuel Briega<\/h2>\t\t<\/div>\n\t\t\t\t<\/div>\n\t\t\t\t\t<\/div>\n\t\t<\/div>\n\t\t\t\t\t\t\t<\/div>\n\t\t<\/section>\n\t\t\t\t<section class=\"ob-is-breaking-bad elementor-section elementor-top-section elementor-element elementor-element-a37e9dd elementor-section-boxed elementor-section-height-default elementor-section-height-default\" data-id=\"a37e9dd\" data-element_type=\"section\" data-settings=\"{&quot;background_background&quot;:&quot;classic&quot;,&quot;_ob_bbad_use_it&quot;:&quot;yes&quot;,&quot;_ob_bbad_sssic_use&quot;:&quot;no&quot;,&quot;_ob_glider_is_slider&quot;:&quot;no&quot;}\">\n\t\t\t\t\t\t<div class=\"elementor-container elementor-column-gap-default\">\n\t\t\t\t\t<div class=\"elementor-column elementor-col-16 elementor-top-column elementor-element elementor-element-ad4e3b5\" data-id=\"ad4e3b5\" data-element_type=\"column\" data-settings=\"{&quot;_ob_bbad_is_stalker&quot;:&quot;no&quot;,&quot;_ob_teleporter_use&quot;:false,&quot;_ob_column_hoveranimator&quot;:&quot;no&quot;,&quot;_ob_column_has_pseudo&quot;:&quot;no&quot;}\">\n\t\t\t<div class=\"elementor-widget-wrap\">\n\t\t\t\t\t\t\t\t\t<\/div>\n\t\t<\/div>\n\t\t\t\t<div class=\"elementor-column elementor-col-66 elementor-top-column elementor-element elementor-element-fcdfca8\" data-id=\"fcdfca8\" data-element_type=\"column\" data-settings=\"{&quot;_ob_bbad_is_stalker&quot;:&quot;no&quot;,&quot;_ob_teleporter_use&quot;:false,&quot;_ob_column_hoveranimator&quot;:&quot;no&quot;,&quot;_ob_column_has_pseudo&quot;:&quot;no&quot;}\">\n\t\t\t<div class=\"elementor-widget-wrap elementor-element-populated\">\n\t\t\t\t\t\t\t\t<div class=\"elementor-element elementor-element-c72ca7c ob-harakiri-inherit ob-has-background-overlay elementor-widget elementor-widget-text-editor\" data-id=\"c72ca7c\" data-element_type=\"widget\" data-settings=\"{&quot;_ob_harakiri_writing_mode&quot;:&quot;inherit&quot;,&quot;_ob_perspektive_use&quot;:&quot;no&quot;,&quot;_ob_poopart_use&quot;:&quot;yes&quot;,&quot;_ob_shadough_use&quot;:&quot;no&quot;,&quot;_ob_allow_hoveranimator&quot;:&quot;no&quot;,&quot;_ob_widget_stalker_use&quot;:&quot;no&quot;}\" data-widget_type=\"text-editor.default\">\n\t\t\t\t<div class=\"elementor-widget-container\">\n\t\t\t<style>\/*! elementor - v3.6.1 - 23-03-2022 *\/\n.elementor-widget-text-editor.elementor-drop-cap-view-stacked .elementor-drop-cap{background-color:#818a91;color:#fff}.elementor-widget-text-editor.elementor-drop-cap-view-framed .elementor-drop-cap{color:#818a91;border:3px solid;background-color:transparent}.elementor-widget-text-editor:not(.elementor-drop-cap-view-default) .elementor-drop-cap{margin-top:8px}.elementor-widget-text-editor:not(.elementor-drop-cap-view-default) .elementor-drop-cap-letter{width:1em;height:1em}.elementor-widget-text-editor .elementor-drop-cap{float:left;text-align:center;line-height:1;font-size:50px}.elementor-widget-text-editor .elementor-drop-cap-letter{display:inline-block}<\/style>\t\t\t\t<p><img decoding=\"async\" class=\"aligncenter wp-image-1783 size-full\" src=\"https:\/\/duobelcorde.com\/wp-content\/uploads\/2022\/04\/ManuelPerfil2.png\" alt=\"\" width=\"549\" height=\"600\" srcset=\"https:\/\/duobelcorde.com\/wp-content\/uploads\/2022\/04\/ManuelPerfil2.png 549w, https:\/\/duobelcorde.com\/wp-content\/uploads\/2022\/04\/ManuelPerfil2-275x300.png 275w\" sizes=\"(max-width: 549px) 100vw, 549px\" \/><\/p><p>Natural de Campo de Criptana (Ciudad Real), es profesor superior de Viol\u00edn y M\u00fasica de C\u00e1mara por el Real Conservatorio Superior de M\u00fasica de Madrid, siendo sus profesores Juan Llinares y Luis Rego respectivamente, gradu\u00e1ndose con Premio de Honor Fin de Carrera en la especialidad de M\u00fasica de C\u00e1mara.<\/p><p>\u00a0Perteneci\u00f3 a diferentes orquestas como la Orquesta Sinf\u00f3nica de Estudiantes de la Comunidad de Madrid, Orquesta Sinf\u00f3nica de Albacete, Orquesta Sinf\u00f3nica de Chamart\u00edn (Madrid), Camerata de Madrid, Orquesta Filarmon\u00edca de Espa\u00f1a, Orquesta Filarm\u00f3nica de Madrid, etc, con las que efectu\u00f3 numerosos conciertos dentro y fuera de nuestra geograf\u00eda.<\/p><p>\u00a0Ha realizado cursos nacionales e internacionales con: Agust\u00edn Le\u00f3n Ara, Pina Carminelli, V\u00edctor Ambroa, V\u00edctor Mart\u00edn, Corrado Romano, Juan Llinares, Philippe Koch, etc.. Ha sido becado por diferentes Instituciones como el Ministerio de Asuntos Exteriores, Gobierno de Luxemburgo, etc&#8230; y colabora con diversas orquestas de c\u00e1mara y orquestas sinf\u00f3nicas espa\u00f1olas y extranjeras efectuando conciertos en los principales auditorios del pa\u00eds (Auditorio Nacional y Teatro Monumental de Madrid, Palau de la M\u00fasica de Barcelona, etc&#8230;) y del extranjero (Europa, Am\u00e9rica y Australia) adem\u00e1s de realizar numerosas grabaciones.<\/p><p>\u00a0Es profesor de los Cursos Internacionales de M\u00fasica \u00abMart\u00edn Codax\u00bb. Ha sido invitado a festivales internacionales como el \u201cNan-Ying International Music Festival\u201d celebrado en Taiwan (China), \u201cFestival Internacional de Cuartetos de Cuerda\u201d de Cuzco (Peru), etc&#8230; Actualmente es el concertino-director de la Orquesta de C\u00e1mara \u00abOrfeo\u00bb y Ensemble \u201cOrfeo\u201d, miembro fundador D\u00f9o Giuliani\u201d (viol\u00edn y guitarra) y D\u00fao Orfeo (viol\u00edn y arpa), concertino de la Orquesta Sinf\u00f3nica de Ciudad Real y profesor de viol\u00edn del Conservatorio Profesional de M\u00fasica \u00abMarcos Redondo\u00bb de Ciudad Real.<\/p>\t\t\t\t\t\t<\/div>\n\t\t\t\t<\/div>\n\t\t\t\t\t<\/div>\n\t\t<\/div>\n\t\t\t\t<div class=\"elementor-column elementor-col-16 elementor-top-column elementor-element elementor-element-9b4764e\" data-id=\"9b4764e\" data-element_type=\"column\" data-settings=\"{&quot;_ob_bbad_is_stalker&quot;:&quot;no&quot;,&quot;_ob_teleporter_use&quot;:false,&quot;_ob_column_hoveranimator&quot;:&quot;no&quot;,&quot;_ob_column_has_pseudo&quot;:&quot;no&quot;}\">\n\t\t\t<div class=\"elementor-widget-wrap\">\n\t\t\t\t\t\t\t\t\t<\/div>\n\t\t<\/div>\n\t\t\t\t\t\t\t<\/div>\n\t\t<\/section>\n\t\t\t\t\t\t\t<\/div>\n\t\t","protected":false},"excerpt":{"rendered":"<p>Manuel Briega Natural de Campo de Criptana (Ciudad Real), es profesor superior de Viol\u00edn y M\u00fasica de C\u00e1mara por el Real Conservatorio Superior de M\u00fasica de Madrid, siendo sus profesores Juan Llinares y Luis Rego respectivamente, gradu\u00e1ndose con Premio de Honor Fin de Carrera en la especialidad de M\u00fasica de C\u00e1mara. \u00a0Perteneci\u00f3 a diferentes orquestas [&hellip;]<\/p>\n","protected":false},"author":1,"featured_media":0,"parent":0,"menu_order":0,"comment_status":"closed","ping_status":"closed","template":"","meta":{"footnotes":""},"class_list":["post-1580","page","type-page","status-publish","hentry"],"yoast_head":"<!-- This site is optimized with the Yoast SEO plugin v18.5.1 - https:\/\/yoast.com\/wordpress\/plugins\/seo\/ -->\n<title>Manuel Briega - D\u00fao Belcorde<\/title>\n<meta name=\"robots\" content=\"index, follow, max-snippet:-1, max-image-preview:large, max-video-preview:-1\" \/>\n<link rel=\"canonical\" href=\"https:\/\/duobelcorde.com\/index.php\/manuel-briega\/\" \/>\n<meta property=\"og:locale\" content=\"es_ES\" \/>\n<meta property=\"og:type\" content=\"article\" \/>\n<meta property=\"og:title\" content=\"Manuel Briega - D\u00fao Belcorde\" \/>\n<meta property=\"og:description\" content=\"Manuel Briega Natural de Campo de Criptana (Ciudad Real), es profesor superior de Viol\u00edn y M\u00fasica de C\u00e1mara por el Real Conservatorio Superior de M\u00fasica de Madrid, siendo sus profesores Juan Llinares y Luis Rego respectivamente, gradu\u00e1ndose con Premio de Honor Fin de Carrera en la especialidad de M\u00fasica de C\u00e1mara. \u00a0Perteneci\u00f3 a diferentes orquestas [&hellip;]\" \/>\n<meta property=\"og:url\" content=\"https:\/\/duobelcorde.com\/index.php\/manuel-briega\/\" \/>\n<meta property=\"og:site_name\" content=\"D\u00fao Belcorde\" \/>\n<meta property=\"article:publisher\" content=\"https:\/\/www.facebook.com\/Belcorde\/\" \/>\n<meta property=\"article:modified_time\" content=\"2022-04-11T18:50:57+00:00\" \/>\n<meta property=\"og:image\" content=\"https:\/\/duobelcorde.com\/wp-content\/uploads\/2022\/04\/ManuelPerfil2.png\" \/>\n<meta name=\"twitter:card\" content=\"summary_large_image\" \/>\n<meta name=\"twitter:label1\" content=\"Tiempo de lectura\" \/>\n\t<meta name=\"twitter:data1\" content=\"2 minutos\" \/>\n<script type=\"application\/ld+json\" class=\"yoast-schema-graph\">{\"@context\":\"https:\/\/schema.org\",\"@graph\":[{\"@type\":\"Organization\",\"@id\":\"https:\/\/duobelcorde.com\/#organization\",\"name\":\"D\u00fao Belcorde\",\"url\":\"https:\/\/duobelcorde.com\/\",\"sameAs\":[\"https:\/\/www.facebook.com\/Belcorde\/\"],\"logo\":{\"@type\":\"ImageObject\",\"@id\":\"https:\/\/duobelcorde.com\/#logo\",\"inLanguage\":\"es\",\"url\":\"https:\/\/duobelcorde.com\/wp-content\/uploads\/2022\/04\/LogoRRSS.png\",\"contentUrl\":\"https:\/\/duobelcorde.com\/wp-content\/uploads\/2022\/04\/LogoRRSS.png\",\"width\":1024,\"height\":1024,\"caption\":\"D\u00fao Belcorde\"},\"image\":{\"@id\":\"https:\/\/duobelcorde.com\/#logo\"}},{\"@type\":\"WebSite\",\"@id\":\"https:\/\/duobelcorde.com\/#website\",\"url\":\"https:\/\/duobelcorde.com\/\",\"name\":\"D\u00fao Belcorde\",\"description\":\"Viol\u00edn y Guitarra\",\"publisher\":{\"@id\":\"https:\/\/duobelcorde.com\/#organization\"},\"potentialAction\":[{\"@type\":\"SearchAction\",\"target\":{\"@type\":\"EntryPoint\",\"urlTemplate\":\"https:\/\/duobelcorde.com\/?s={search_term_string}\"},\"query-input\":\"required name=search_term_string\"}],\"inLanguage\":\"es\"},{\"@type\":\"ImageObject\",\"@id\":\"https:\/\/duobelcorde.com\/index.php\/manuel-briega\/#primaryimage\",\"inLanguage\":\"es\",\"url\":\"https:\/\/duobelcorde.com\/wp-content\/uploads\/2022\/04\/ManuelPerfil2.png\",\"contentUrl\":\"https:\/\/duobelcorde.com\/wp-content\/uploads\/2022\/04\/ManuelPerfil2.png\",\"width\":549,\"height\":600},{\"@type\":\"WebPage\",\"@id\":\"https:\/\/duobelcorde.com\/index.php\/manuel-briega\/#webpage\",\"url\":\"https:\/\/duobelcorde.com\/index.php\/manuel-briega\/\",\"name\":\"Manuel Briega - D\u00fao Belcorde\",\"isPartOf\":{\"@id\":\"https:\/\/duobelcorde.com\/#website\"},\"primaryImageOfPage\":{\"@id\":\"https:\/\/duobelcorde.com\/index.php\/manuel-briega\/#primaryimage\"},\"datePublished\":\"2022-03-29T21:39:08+00:00\",\"dateModified\":\"2022-04-11T18:50:57+00:00\",\"breadcrumb\":{\"@id\":\"https:\/\/duobelcorde.com\/index.php\/manuel-briega\/#breadcrumb\"},\"inLanguage\":\"es\",\"potentialAction\":[{\"@type\":\"ReadAction\",\"target\":[\"https:\/\/duobelcorde.com\/index.php\/manuel-briega\/\"]}]},{\"@type\":\"BreadcrumbList\",\"@id\":\"https:\/\/duobelcorde.com\/index.php\/manuel-briega\/#breadcrumb\",\"itemListElement\":[{\"@type\":\"ListItem\",\"position\":1,\"name\":\"Portada\",\"item\":\"https:\/\/duobelcorde.com\/\"},{\"@type\":\"ListItem\",\"position\":2,\"name\":\"Manuel Briega\"}]}]}<\/script>\n<!-- \/ Yoast SEO plugin. -->","yoast_head_json":{"title":"Manuel Briega - D\u00fao Belcorde","robots":{"index":"index","follow":"follow","max-snippet":"max-snippet:-1","max-image-preview":"max-image-preview:large","max-video-preview":"max-video-preview:-1"},"canonical":"https:\/\/duobelcorde.com\/index.php\/manuel-briega\/","og_locale":"es_ES","og_type":"article","og_title":"Manuel Briega - D\u00fao Belcorde","og_description":"Manuel Briega Natural de Campo de Criptana (Ciudad Real), es profesor superior de Viol\u00edn y M\u00fasica de C\u00e1mara por el Real Conservatorio Superior de M\u00fasica de Madrid, siendo sus profesores Juan Llinares y Luis Rego respectivamente, gradu\u00e1ndose con Premio de Honor Fin de Carrera en la especialidad de M\u00fasica de C\u00e1mara. \u00a0Perteneci\u00f3 a diferentes orquestas [&hellip;]","og_url":"https:\/\/duobelcorde.com\/index.php\/manuel-briega\/","og_site_name":"D\u00fao Belcorde","article_publisher":"https:\/\/www.facebook.com\/Belcorde\/","article_modified_time":"2022-04-11T18:50:57+00:00","og_image":[{"url":"https:\/\/duobelcorde.com\/wp-content\/uploads\/2022\/04\/ManuelPerfil2.png"}],"twitter_card":"summary_large_image","twitter_misc":{"Tiempo de lectura":"2 minutos"},"schema":{"@context":"https:\/\/schema.org","@graph":[{"@type":"Organization","@id":"https:\/\/duobelcorde.com\/#organization","name":"D\u00fao Belcorde","url":"https:\/\/duobelcorde.com\/","sameAs":["https:\/\/www.facebook.com\/Belcorde\/"],"logo":{"@type":"ImageObject","@id":"https:\/\/duobelcorde.com\/#logo","inLanguage":"es","url":"https:\/\/duobelcorde.com\/wp-content\/uploads\/2022\/04\/LogoRRSS.png","contentUrl":"https:\/\/duobelcorde.com\/wp-content\/uploads\/2022\/04\/LogoRRSS.png","width":1024,"height":1024,"caption":"D\u00fao Belcorde"},"image":{"@id":"https:\/\/duobelcorde.com\/#logo"}},{"@type":"WebSite","@id":"https:\/\/duobelcorde.com\/#website","url":"https:\/\/duobelcorde.com\/","name":"D\u00fao Belcorde","description":"Viol\u00edn y Guitarra","publisher":{"@id":"https:\/\/duobelcorde.com\/#organization"},"potentialAction":[{"@type":"SearchAction","target":{"@type":"EntryPoint","urlTemplate":"https:\/\/duobelcorde.com\/?s={search_term_string}"},"query-input":"required name=search_term_string"}],"inLanguage":"es"},{"@type":"ImageObject","@id":"https:\/\/duobelcorde.com\/index.php\/manuel-briega\/#primaryimage","inLanguage":"es","url":"https:\/\/duobelcorde.com\/wp-content\/uploads\/2022\/04\/ManuelPerfil2.png","contentUrl":"https:\/\/duobelcorde.com\/wp-content\/uploads\/2022\/04\/ManuelPerfil2.png","width":549,"height":600},{"@type":"WebPage","@id":"https:\/\/duobelcorde.com\/index.php\/manuel-briega\/#webpage","url":"https:\/\/duobelcorde.com\/index.php\/manuel-briega\/","name":"Manuel Briega - D\u00fao Belcorde","isPartOf":{"@id":"https:\/\/duobelcorde.com\/#website"},"primaryImageOfPage":{"@id":"https:\/\/duobelcorde.com\/index.php\/manuel-briega\/#primaryimage"},"datePublished":"2022-03-29T21:39:08+00:00","dateModified":"2022-04-11T18:50:57+00:00","breadcrumb":{"@id":"https:\/\/duobelcorde.com\/index.php\/manuel-briega\/#breadcrumb"},"inLanguage":"es","potentialAction":[{"@type":"ReadAction","target":["https:\/\/duobelcorde.com\/index.php\/manuel-briega\/"]}]},{"@type":"BreadcrumbList","@id":"https:\/\/duobelcorde.com\/index.php\/manuel-briega\/#breadcrumb","itemListElement":[{"@type":"ListItem","position":1,"name":"Portada","item":"https:\/\/duobelcorde.com\/"},{"@type":"ListItem","position":2,"name":"Manuel Briega"}]}]}},"_links":{"self":[{"href":"https:\/\/duobelcorde.com\/index.php\/wp-json\/wp\/v2\/pages\/1580","targetHints":{"allow":["GET"]}}],"collection":[{"href":"https:\/\/duobelcorde.com\/index.php\/wp-json\/wp\/v2\/pages"}],"about":[{"href":"https:\/\/duobelcorde.com\/index.php\/wp-json\/wp\/v2\/types\/page"}],"author":[{"embeddable":true,"href":"https:\/\/duobelcorde.com\/index.php\/wp-json\/wp\/v2\/users\/1"}],"replies":[{"embeddable":true,"href":"https:\/\/duobelcorde.com\/index.php\/wp-json\/wp\/v2\/comments?post=1580"}],"version-history":[{"count":22,"href":"https:\/\/duobelcorde.com\/index.php\/wp-json\/wp\/v2\/pages\/1580\/revisions"}],"predecessor-version":[{"id":2217,"href":"https:\/\/duobelcorde.com\/index.php\/wp-json\/wp\/v2\/pages\/1580\/revisions\/2217"}],"wp:attachment":[{"href":"https:\/\/duobelcorde.com\/index.php\/wp-json\/wp\/v2\/media?parent=1580"}],"curies":[{"name":"wp","href":"https:\/\/api.w.org\/{rel}","templated":true}]}}